 16?
-d61689
35644306 (base 7) to base 11
1876337
Convert 1250011052 (base 6) to base 8.
70464610
-1001110101010100001 (base 2) to base 14
-855cd
What is -100012002101 (base 3) in base 6?
-3513144
269361 (base 10) to base 11
174414
What is e1e0 (base 15) in base 4?
23221011
What is -11300463 (base 7) in base 13?
-2895c6
-2241605 (base 8) to base 10
-607109
1943242 (base 11) to base 9
6154548
Convert 4226063 (base 7) to base 11.
31a010
-650718 (base 10) to base 13
-19a253
2722234 (base 8) to base 4
2322102130
5135134 (base 6) to base 9
414504
-4a04a0 (base 14) to base 10
-2536380
Convert -f83056 (base 16) to base 11.
-91aa3a9
Convert -652b33 (base 13) to base 16.
-24449a
562a37 (base 12) to base 14
27a7a3
Convert a9f74 (base 16) to base 9.
1270873
Convert -1021020102122 (base 3) to base 6.
-22235542
What is 1310327 (base 11) in base 13?
61615c
What is -4dde34 (base 15) in base 2?
-1110010001101111101011
What is -1122102031 (base 4) in base 7?
-3100102
Convert 4574545 (base 10) to base 8.
21346521
Convert -610122 (base 9) to base 5.
-43022311
-545ba9 (base 14) to base 10
-2858809
12200516 (base 8) to base 16
29014e
Convert -11202111022 (base 3) to base 4.
-112313213
Convert 3360e (base 15) to base 2.
100111111000100100
What is 53155 (base 7) in base 10?
13123
What is -3361656 (base 7) in base 6?
-12545140
10723025 (base 8) to base 6
122024033
-453440 (base 10) to base 14
-bb368
1195508 (base 10) to base 6
41342432
Convert a288 (base 11) to base 16.
3550
Convert -1221331202 (base 5) to base 9.
-5436263
-11101010000100001 (base 2) to base 15
-25796
What is -127657 (base 10) in base 15?
-27c57
4244a45 (base 12) to base 7
211346132
What is 1aa87 (base 12) in base 3?
2000021011
What is -10144 (base 13) in base 2?
-111000001110010
What is 143347 (base 8) in base 13?
1a23b
40230024 (base 5) to base 13
b2c37
What is -2862051 (base 12) in base 14?
-110864d
What is -132322232 (base 4) in base 14?
-34218
Convert 33321112230 (base 4) to base 11.
2396879
Convert 52336006 (base 8) to base 4.
222123300012
Convert 10002120020 (base 3) to base 14.
182b4
-1025606 (base 9) to base 15
-ac8a0
10100100011101000 (base 2) to base 12
40888
What is 332ac (base 13) in base 8?
265122
What is -1000034234 (base 5) in base 13?
-536155
-aa3083 (base 11) to base 3
-10022110122101
-16b5672 (base 12) to base 4
-101333201312
Convert -2122221022011 (base 3) to base 9.
-2587264
-1320311 (base 11) to base 2
-1000101101101101010011
What is -2814158 (base 9) in base 3?
-2220111011222
What is 76956 (base 11) in base 12?
5471b
What is -22d33 (base 14) in base 6?
-1453041
What is -26435332 (base 7) in base 13?
-67096c
Convert 11102222111 (base 3) to base 7.
513001
What is 6847176 (base 9) in base 12?
12a0a73
Convert -31310202 (base 4) to base 5.
-3302420
6717 (base 16) to base 8
63427
What is 1905153 (base 11) in base 16?
3140ce
-132151442 (base 6) to base 4
-22001130302
Convert -1d2ac9 (base 14) to base 9.
-1862242
What is -6035416 (base 8) in base 6?
-54011434
26b364 (base 12) to base 13
196057
-1d38ca (base 16) to base 7
-22164221
What is -6cb202 (base 13) in base 2?
-1001111001100010110101
110100000101010000 (base 2) to base 11
136305
Convert -275512 (base 9) to base 15.
-34c0b
What is -13012302 (base 5) in base 8?
-366000
Convert 776409 (base 14) to base 10.
4050937
What is dc78a (base 15) in base 4?
2222332222
233423002 (base 5) to base 6
35024215
What is -10a6d6 (base 14) in base 11?
-357797
What is 164541 (base 8) in base 14?
17ab7
What is 162401 (base 13) in base 12?
224b82
Convert 150c679 (base 13) to base 5.
3204221002
440103 (base 5) to base 10
15028
What is 12021111010210 (base 3) in base 7?
32560401
-18b41 (base 14) to base 4
-33101311
Convert -506ab35 (base 12) to base 10.
-15073241
What is -1332103001 (base 4) in base 7?
-4253126
What is 13000202003 (base 4) in base 12?
74722b
63223 (base 11) to base 12
45376
13022111323 (base 4) to base 8
7122573
What is -32002030 (base 5) in base 8?
-1007242
Convert 1035425025 (base 6) to base 7.
164035004
Convert -16011cc (base 14) to base 2.
-101001000010110110110000
What is -2330642 (base 11) in base 13?
-ac6c77
-321655 (base 10) to base 7
-2506525
-5660168 (base 10) to base 14
-a74a5a
Convert -442132134 (base 5) to base 8.
-7225370
What is 10147526 (base 10) in base 6?
1001255142
Convert -3010432 (base 6) to base 14.
-39780
Convert 10002102121111 (base 3) to base 16.
190ea9
What is -3314500 (base 6) in base 2?
-101000011100000100
-1070731 (base 9) to base 2
-10001101000110101011
-625a5 (base 11) to base 16
-1645c
4550033 (base 8) to base 14
24145d
What is -30122 (base 13) in base 6?
-1501332
Convert 6c1e7f (base 16) to base 2.
11011000001111001111111
-242320130 (base 5) to base 13
-309bbb
What is -126233 (base 8) in base 13?
-17160
What is -1012110 (base 3) in base 7?
-2361
24202433 (base 5) to base 12
aa508
20022121000 (base 3) to base 16
1e5ca
12602465 (base 9) to base 10
6201986
What is 10533465 (base 7) in base 8?
3375125
-23442241 (base 5) to base 4
-311111032
Convert -4141112 (base 5) to base 16.
-10aba
4085561 (base 10) to base 7
46504154
-3784233 (base 11) to base 16
-642ba2
What is 3010104203 (base 5) in base 12?
1ba6222
What is 24567 (base 9) in base 14?
602c
1726aa (base 13) to base 5
121424033
-1101111111100010 (base 2) to base 14
-16c5c
What is 340205 (base 8) in base 4?
130002011
What is 10322012200 (base 4) in base 10?
1286560
What is -32499 (base 13) in base 7?
-525645
What is -3417370 (base 9) in base 15?
-265dc9
What is -22102021001 (base 3) in base 7?
-1260004
11144243 (base 6) to base 10
340515
Convert b2e419 (base 15) to base 14.
11b484d
Convert -10313101 (base 5) to base 12.
-43292
-1110101111010111 (base 2) to base 7
-341010
What is 1b403 (base 15) in base 11?
60674
Convert -11012102021 (base 3) to base 2.
-10100001011111001
2021020111220 (base 3) to base 5
302033122
What is 11424230 (base 5) in base 13?
3a259
-111112102221 (base 3) to base 10
-266407
Convert -5a114 (base 16) to base 13.
-cbbc2
-5846960 (base 10) to base 8
-26233660
Convert -26b64a (base 16) to base 15.
-351aa9
600061 (base 7) to base 2
11000101000010101
What is -10352156 (base 7) in base 2?
-11011000011111011001
162b2a2 (base 12) to base 14
862682
-7400a9 (base 14) to base 6
-215553325
What is 212221120211 (base 3) in base 11?
2a2160
What is -34155122 (base 6) in base 13?
-2a627b
What is 437bb (base 12) in base 14?
24771
Convert 110100111101111111 (base 2) to base 16.
34f7f
Convert 1075505 (base 11) to base 13.
50b405
242a80 (base 13) to base 5
210104033
-139436 (base 12) to base 7
-2531652
-100111111011100 (base 2) to base 10
-20444
What is -6c877 (base 14) in base 9?
-443572
What is -22022101222102 (base 3) in base 5?
-2112320440
Convert -4842168 (base 9) to base 11.
-1533a54
54011 (base 6) to base 3
101002021
Convert 112110120112102 (base 3) to base 8.
35247016
143133303 (base 5) to base 3
1102101021202
What is -161666 (base 11) in base 4?
-331102102
What is 597b3 (base 15) in base 9?
474246
Convert -1010101010110001101001 (base 2) to base 14.
-52b289
132413a (base 11) to base 7
25313611
Convert -516669 (base 10) to base 2.
-1111110001000111101
Convert -11010010111000010110 (base 2) to base 9.
-1555770
Convert -76188 (base 11) to base 9.
-177748
What is -ba493 (base 13) in base 15?
-69c77
Convert -10216560 (base 7) to base 6.
-30250143
317640 (base 8) to base 11
72a38
-16125242 (base 7) to base 9
-2826142
Convert -822a9 (base 11) to base 3.
-20002211001
Convert -85239 (base 10) to base 2.
-10100110011110111
What is -467396 (base 16) in base 7?
-54146651
What is -1430510 (base 6) in base 9?
-134226
-1364171 (base 9) to base 8
-2672647
-111111001001011100 (base 2) to base 12
-105824
Convert -100a686 (base 12) to base 10.
-3004230
What is 1111623 (base 9) in base 6?
20453503
9067a (base 16) to base 8
2203172
224678 (base 9) to base 10
134693
What is 17ab24 (base 14) in base 15?
117c29
-385350 (base 12) to base 3
-1201211002020
Convert -421231323 (base 5) to base 16.
-1a9779
Convert 1b727 (base 13) to base 10.
53944
What is 1ba755 (base 14) in base 10?
989287
What is 190771 (base 10) in base 14?
4d747
What is 189ba9 (base 15) in base 7?
13114626
What is 348897 (base 11) in base 16?
871df
What is 2417c47 (base 13) in base 7?
164032540
bbe36